9d
23f5 (base 16) to base 10
9205
Convert 351b (base 16) to base 2.
11010100011011
-1083 (base 9) to base 14
-416
1010001 (base 2) to base 10
81
57064 (base 9) to base 4
21101032
Convert 322330 (base 4) to base 11.
291a
What is 10092 (base 10) in base 16?
276c
What is 101230 (base 8) in base 10?
33432
Convert -120022 (base 3) to base 5.
-3123
Convert 13222 (base 4) to base 3.
200011
What is -44103 (base 5) in base 14?
-1164
6cdc (base 14) to base 9
28062
What is -20101101 (base 3) in base 5?
-122104
What is -3322 (base 12) in base 2?
-1011000001010
What is -887 (base 16) in base 8?
-4207
What is 40627 (base 8) in base 15?
4e96
What is -1100110110 (base 2) in base 12?
-586
Convert 516a (base 14) to base 8.
33272
What is -c1e (base 15) in base 10?
-2729
What is -413 (base 16) in base 10?
-1043
Convert 4940 (base 12) to base 9.
12283
What is 232 (base 6) in base 5?
332
What is -102202210 (base 3) in base 15?
-2820
Convert -201021220 (base 3) to base 6.
-145040
What is 7032 (base 9) in base 13?
244a
-140 (base 8) to base 9
-116
Convert -551 (base 6) to base 8.
-323
What is -78435 (base 10) in base 9?
-128530
Convert -10122 (base 4) to base 3.
-101110
What is 14506 (base 8) in base 12?
38b2
What is -43141 (base 7) in base 9?
-15621
Convert 2745 (base 8) to base 13.
8c1
Convert 2414 (base 6) to base 16.
24a
What is -156 (base 12) in base 4?
-3102
What is 211 (base 4) in base 16?
25
-33013 (base 4) to base 3
-1022211
Convert 15323 (base 8) to base 16.
1ad3
What is 124b6 (base 14) in base 9?
67461
What is 10001010 (base 2) in base 12?
b6
What is 605b (base 14) in base 3?
211200210
What is 957 (base 11) in base 2?
10001111111
What is -3202231 (base 4) in base 16?
-38ad
-1010001111000001 (base 2) to base 11
-29550
Convert 7639 (base 13) to base 3.
211112221
-12330 (base 4) to base 14
-23a
Convert 1a709 (base 14) to base 7.
400012
-3440 (base 5) to base 13
-2c1
What is b9b (base 16) in base 7?
11443
Convert -101011101000 (base 2) to base 9.
-3742
Convert 2670 (base 9) to base 6.
13143
-200021212 (base 3) to base 5
-411314
-12232313 (base 4) to base 2
-110101110110111
Convert -111c (base 14) to base 4.
-232112
Convert 16213 (base 9) to base 16.
2b65
What is 6b73 (base 14) in base 11?
1307a
-1500 (base 6) to base 8
-614
-103 (base 5) to base 16
-1c
Convert -9250 (base 11) to base 2.
-10111111110100
50d7 (base 14) to base 4
3121111
1249 (base 15) to base 11
2a20
Convert 201222 (base 3) to base 4.
20123
-5108 (base 14) to base 9
-21081
Convert 1020200101 (base 3) to base 14.
8d3b
42 (base 16) to base 4
1002
Convert 30320 (base 5) to base 2.
11110101000
-56a (base 13) to base 11
-779
What is 122220111 (base 3) in base 9?
18814
1010111001010 (base 2) to base 14
2066
-22121020 (base 3) to base 5
-200040
What is -1001111201 (base 3) in base 9?
-31451
What is -13330 (base 5) in base 7?
-3115
What is 236 (base 13) in base 4?
11333
What is 10840 (base 11) in base 8?
36445
165242 (base 7) to base 16
8120
-3731 (base 8) to base 15
-8de
-929 (base 10) to base 8
-1641
14 (base 5) to base 7
12
Convert 23406 (base 10) to base 16.
5b6e
45053 (base 8) to base 6
223523
What is -603 (base 9) in base 2?
-111101001
What is 988 (base 13) in base 10?
1633
10010111001000 (base 2) to base 6
112440
Convert -279 (base 16) to base 12.
-449
Convert -110010001 (base 3) to base 2.
-10001001111110
Convert -571 (base 9) to base 10.
-469
-35 (base 6) to base 4
-113
1322101 (base 4) to base 11
5974
Convert -8714 (base 9) to base 7.
-24460
3274 (base 9) to base 5
34131
2130213 (base 4) to base 9
14666
Convert 1000011011 (base 2) to base 14.
2a7
What is -326 (base 12) in base 2?
-111001110
23001 (base 4) to base 8
1301
20332 (base 5) to base 16
53e
What is -4a8e (base 16) in base 8?
-45216
-db2 (base 14) to base 12
-1694
What is -14115 (base 7) in base 5?
-110314
Convert -276 (base 15) to base 12.
-3a9
250 (base 10) to base 3
100021
-603 (base 7) to base 10
-297
-2100102 (base 3) to base 11
-1317
What is -10321330 (base 4) in base 11?
-14106
Convert 1022 (base 8) to base 12.
382
Convert 12956 (base 15) to base 13.
210c6
-520 (base 12) to base 13
-453
Convert 10003 (base 5) to base 13.
394
What is 10790 (base 10) in base 2?
10101000100110
Convert -1220202 (base 3) to base 10.
-1397
Convert 140113 (base 5) to base 15.
1a23
Convert -141376 (base 8) to base 13.
-1994b
100000111110101 (base 2) to base 15
500a
What is -6133 (base 10) in base 8?
-13765
What is 110111101100100 (base 2) in base 8?
67544
201141 (base 5) to base 15
1d81
Convert -1031 (base 7) to base 15.
-195
344 (base 14) to base 8
1210
What is 2000021010 (base 3) in base 4?
21222012
Convert -404 (base 11) to base 12.
-348
What is 5a6 (base 12) in base 2?
1101001110
Convert 2416 (base 12) to base 10.
4050
-479 (base 13) to base 7
-2156
-7760 (base 10) to base 2
-1111001010000
Convert -143034 (base 8) to base 15.
-10061
Convert -1011011000 (base 2) to base 7.
-2060
Convert 15a81 (base 11) to base 2.
101100001000011
Convert -3436 (base 7) to base 6.
-5444
Convert -682c (base 15) to base 7.
-121260
-10001 (base 4) to base 5
-2012
1076 (base 14) to base 13
13b1
What is 327 (base 16) in base 7?
2232
Convert 7c9 (base 15) to base 10.
1764
Convert 238 (base 10) to base 2.
11101110
Convert 1202322 (base 4) to base 11.
4835
4013 (base 5) to base 6
2204
22020001 (base 3) to base 15
1b9a
-2304 (base 7) to base 3
-1011000
Convert -764 (base 11) to base 2.
-1110010101
Convert 1947 (base 13) to base 16.
ec1
What is -12012202 (base 3) in base 5?
-110200
What is -24206 (base 10) in base 7?
-130400
23201 (base 4) to base 3
1000022
What is -20be (base 16) in base 12?
-4a26
930 (base 11) to base 7
3162
Convert 103023 (base 5) to base 16.
db9
-8aaa (base 11) to base 12
-6b22
What is 25424 (base 6) in base 3?
12020221
Convert -48e (base 15) to base 5.
-13114
What is 2000202 (base 3) in base 8?
2706
Convert -3440411 (base 5) to base 6.
-1154541
-454 (base 14) to base 16
-35a
Convert 102 (base 8) to base 6.
150
123 (base 4) to base 10
27
What is -102112022 (base 3) in base 8?
-20325
Convert 596 (base 14) to base 2.
10001011000
What is 155 (base 8) in base 13?
85
What is 3465 (base 7) in base 10?
1272
Convert -2210100 (base 3) to base 12.
-1216
Convert -13012011 (base 4) to base 3.
-1110212100
What is 777c (base 14) in base 15?
61e5
45043 (base 8) to base 7
106222
5608 (base 14) to base 5
434104
1533 (base 11) to base 2
11110110100
Convert -121000 (base 4) to base 9.
-2167
Convert 1795 (base 10) to base 13.
a81
-11103022 (base 4) to base 15
-6671
-13320 (base 11) to base 2
-100101001001011
-2354 (base 12) to base 9
-5371
What is -c9a4 (base 16) in base 2?
-1100100110100100
Convert -10002 (base 7) to base 11.
-1895
Convert -1a2 (base 16) to base 9.
-514
What is 1130224 (base 5) in base 16?
50d1
Convert 878 (base 16) to base 6.
14012
-8305 (base 11) to base 8
-25410
What is 4872 (base 10) in base 7?
20130
Convert 11ca (base 14) to base 7.
12043
Convert 1011110100 (base 2) to base 12.
530
-130021 (base 5) to base 13
-2386
1723 (base 11) to base 10
2203
Convert 7444 (base 14) to base 10.
20052
What is 302 (base 11) in base 10?
365
Convert 2d9c (base 14) to base 15.
264e
2451 (base 6) to base 2
1001011111
What is -15d (base 15) in base 8?
-471
What is 294 (base 13) in base 9?
560
What is -130312 (base 4) in base 7?
-5245
Convert 10a (base 15) to base 9.
281
What is -1ae4 (base 16) in base 10?
-6884
1551 (base 6) to base 12
2b7
What is 120255 (base 6) in base 15?
3185
110102201 (base 3) to base 15
2a44
Convert 53412 (base 6) to base 2.
1110001110000
Convert 4198 (base 10) to base 4.
1001212
3bc (base 15) to base 16
354
What is -1ca0 (base 14) in base 13?
-24ca
Convert 101100100011111 (base 2) to base 8.
54437
22210311 (base 4) to base 5
2341232
Convert 6136 (base 10) to base 9.
8367
Convert -5b1a (base 14) to base 15.
-4aa0
What is 120031 (base 4) in base 8?
3015
What is -11331100 (base 4) in base 15?
-736a
Convert -11000110110100 (base 2) to base 8.
-30664
Convert -1023022 (base 4) to base 6.
-34134
-1010001000 (base 2) to base 15
-2d3
Convert -1122112 (base 3) to base 7.
-3335
Convert -214512 (base 6) to base 9.
-26488
-3225 (base 10) to base 15
-e50
Convert -5702 (base 8) to base 7.
-11530
What is 10001111010 (base 2) in base 3?
1120110
Convert -15301 (base